 factors of h(-7).
2, 3
Suppose -c = -2*x - 248, 0 = -4*x + 4*c - 240 - 264. Let j = -106 - x. What are the prime factors of j?
2
Let q = 9 - 6. Let p = -3 + q. Suppose p = -4*z + 108 - 16. List the prime factors of z.
23
Let m = -23 - -16. Let a = m - -15. Suppose -a*u + 5*u + 9 = 0. What are the prime factors of u?
3
Let g(m) = m**2 - 5*m - 8. Let c be g(6). List the prime factors of 4416/168 - c/(-7).
2, 13
Suppose 2*p - 14840 = -12*p. What are the prime factors of p?
2, 5, 53
Let x(o) = o**3 + 11*o**2 - o. Let t be x(-11). Let s = t - 2. Let z = s - -16. List the prime factors of z.
5
Let x = 28 + -131. Let b = -152 - -97. Let z = b - x. What are the prime factors of z?
2, 3
Suppose 4 + 5 = 3*r. Suppose -2*d - r*a = -5*d + 96, -5*a = -15. List the prime factors of d + -7 + (2 - -2).
2
Let n be ((6 - 3) + -6)/(-1). Suppose 5*q + 4*v = q + 8, -3*q + n*v - 6 = 0. Suppose 3*a - 7 = -2*x + 2*a, q = 3*a + 3. List the prime factors of x.
2
Let g(k) be the first derivative of k**5/20 - k**4/12 + k**3/2 - 3*k**2 - 6. Let z(y) be the second derivative of g(y). List the prime factors of z(2).
11
Let h(w) = 1627*w**2 + 12*w - 14. What are the prime factors of h(1)?
5, 13
Let d(v) = 2*v**2 + 66. Let a be d(0). Let z = a + -34. What are the prime factors of z?
2
Let s = -2545 + 4529. List the prime factors of s.
2, 31
Let o = 1 + 17. Let q(l) = 6*l**2 - 26*l - 108. Let u be q(-4). What are the prime factors of o/(-6) + u/2?
43
Let t(y) = -y**2 + y + 1. Let u(s) = -s**3 + 11*s**2 - 9*s + 1. Let h(w) = -6*t(w) - u(w). Let d be h(5). Let g = 13 + d. What are the prime factors of g?
3, 7
Suppose -4*k + 61 = 3*m, -3*m + 8*m - 15 = 0. Suppose 3*s + 2*z = -k - 1, 4*s = 2*z - 28. List the prime factors of 7/(35/s)*-5.
2, 3
What are the prime factors of 1347 - (5/(-2) - 159/(-106))?
2, 337
Let j = -40 + 41. Suppose 102 = v - 3*n, 4*n + 487 = 5*v - j. List the prime factors of v.
2, 3
Let h = 23 - 19. Let q be (-304)/14 - h/14. Let o = 14 - q. What are the prime factors of o?
2, 3
Let i(b) = b**2 - 10*b + 14. Let d be i(9). Suppose -2*x + 4 = 5*p - 21, 0 = -d*p + 5*x - 10. What are the prime factors of (28/(-6))/(p/(-27))?
2, 3, 7
Suppose 2*x = 394 - 260. List the prime factors of x.
67
Suppose -3*y + 517 = -20. What are the prime factors of y?
179
Let k be (-1)/2 - (-3)/6. Suppose k*s + 2*s + 3*c = 264, 5*s + 5*c - 660 = 0. What are the prime factors of s?
2, 3, 11
Let s(h) = -20*h - 182. List the prime factors of s(-17).
2, 79
Let n = -1368 + 2656. List the prime factors of n.
2, 7, 23
Suppose 0 = w - 3*k + 12 + 1, 4*w - 4 = -2*k. Suppose 0 = -3*s + 6, v + 5*s - 11 = 4. Let c = w + v. List the prime factors of c.
2
Let n = 23 + -21. Let i(d) = 5*d + 5*d**2 - 10 + n*d**2 + d**3 + d**2. What are the prime factors of i(-6)?
2
Suppose 1465 + 785 = 2*d + 4*m, -4*d - 4*m + 4516 = 0. What are the prime factors of d?
11, 103
Let g(f) = 289*f - 1. Let c be g(4). Suppose -q = 4*l - c + 18, -l + q = -278. What are the prime factors of l?
283
Suppose -x + 13 = 5. Let t(c) = 11*c - 12 - 12*c**3 - 7*c**2 + 3*c**3 + x*c**3. List the prime factors of t(-9).
3, 17
Suppose -3*o + 191 = -19. Suppose -3*p = -10*p + o. List the prime factors of p.
2, 5
Suppose -2*n + 375 = 5*i, 4*i + 2*n + 0*n - 300 = 0. What are the prime factors of i?
3, 5
Suppose 5*l - 25 = 5*g, -l + 0 = -3*g - 3. Suppose 12*m = l*m + 1188. List the prime factors of m.
2, 3, 11
Suppose -c = -2*c. Let w(j) = -j**2 - j + 90. What are the prime factors of w(c)?
2, 3, 5
Suppose -337 = -5*f + 11208. What are the prime factors of f?
2309
Let j(t) = 4*t**2 + t + 1. Let i be j(-3). Suppose 8*a - 21 = 11. Suppose -5*x + 87 + i = -3*l, -a*x = 2*l - 88. What are the prime factors of x?
23
Let h = -14 - -10. Let f = h - -10. What are the prime factors of f*(0 + 4/3)?
2
Let i(a) = -a**3 - 61*a**2 + 4*a - 600. What are the prime factors of i(-62)?
2, 7, 107
Suppose 2*b - 3*h - 405 = 3073, -2*b = -4*h - 3482. What are the prime factors of b?
1733
Let s(y) = 3*y**3 - 3*y**2 + 16*y - 122. List the prime factors of s(12).
2, 2411
Let q = 6 - -4. Let y be (-2)/5 + q/25. Suppose z - 35 + 13 = y. What are the prime factors of z?
2, 11
Suppose -1 = f + 7. Let y(q) = -q**2 - 10*q - 10. Let k be y(f). Suppose -k*v - 4*b + 117 = -v, 0 = 5*v - 3*b - 96. List the prime factors of v.
3, 7
Let v = 2076 - 1549. List the prime factors of v.
17, 31
Suppose d = c - 667, 5*d = -5*c + d + 3371. What are the prime factors of c?
11, 61
Let k(c) = c**3 - 4*c**2 + 3*c + 2. Let d be -12*(-1 - 0/3). Suppose -j - d = -5*j. What are the prime factors of k(j)?
2
Let i be ((-4)/10)/((-1)/330). Suppose i = -6*y + 10*y. List the prime factors of y.
3, 11
Let j(u) = u + 1. Let q be j(1). Suppose 0 = -q*w, 4*a - 3*w - 50 - 14 = 0. Suppose 0 = 4*l + a, -l = -3*f + l + 17. What are the prime factors of f?
3
Suppose -3061 - 712 = 11*d. Let m = -242 - d. List the prime factors of m.
101
Suppose 0 = -d - 183 - 233. Let f be d/(-10) + (-9)/15. Suppose u - f = -0*u. List the prime factors of u.
41
Suppose -3*n - 2*n - 183 = 4*q, 5*n - 5*q = -165. Let i = 50 - n. List the prime factors of i.
5, 17
Suppose 4*j - 22 = -2. Suppose -5*b - 19 + 174 = j*v, 63 = 3*v - 3*b. List the prime factors of v.
2, 13
What are the prime factors of 11641/63 + -8 + (-2)/(-9)?
3, 59
Let q be (-6)/14 - (1 - (-14852)/(-28)). Let t = -294 + q. List the prime factors of t.
5, 47
Let b(o) = o**2 - 7*o + 5. Let s(j) = -17*j**2. Let v be s(1). Let q = v + 27. List the prime factors of b(q).
5, 7
Let x(f) = -f**3 + 9*f**2 - 10*f + 11. Let o be x(8). Let j be 1/((-1 - 0) + 2). List the prime factors of (o - 0)/(j*-1).
5
Let l = 1124 - -138. List the prime factors of l.
2, 631
Suppose -3*d = -13 - 2. Suppose 0 = d*z - 10 - 10. Suppose -2*i - z*u + 140 = 2*i, 2*i = 5*u + 105. List the prime factors of i.
2, 5
Let t = -794 - -2162. List the prime factors of t.
2, 3, 19
List the prime factors of (1*-1)/(12 - (-57207)/(-4767)).
7, 227
Let u be 1*(0/(-1) + 2). Let k(l) = -4*l + 4*l + l - 1 + 9*l**u. List the prime factors of k(1).
3
Suppose -152 = 2*a + 4*k, 51 = 2*a - 3*a + 3*k. Let h = 148 + a. List the prime factors of h.
2, 41
Let t = 3 + 2. Suppose 0 = -10*b + t*b. Let y(i) = i**3 + 49. List the prime factors of y(b).
7
Let s(w) = -4*w - 47. Let g be s(-29). Suppose 6*t - t - 2*q - 945 = 0, q - 387 = -2*t. Suppose 0 = 5*f - t - g. List the prime factors of f.
2, 13
Let v(t) = 5*t**2 - 22*t - 737. What are the prime factors of v(-17)?
2, 541
Suppose -4*k + q + 37 = -0*q, -3*k - q + 33 = 0. Let i be -5*(-12)/k + -1. Suppose i*o - 42 = -b, -4*o + 7*o + 154 = 5*b. List the prime factors of b.
2
Let k(b) = b**3 - 5*b**2 - 4*b - 5. List the prime factors of k(10).
5, 7, 13
Let y(a) = a**3 + 7*a**2 + 7*a + 10. Let s be y(-4). Suppose -3*k = 2*v - 3*v - s, -3*v + 40 = 4*k. What are the prime factors of k?
2, 5
Suppose 14*q + 604 = 16*q - 4*a, -3*a + 933 = 3*q. What are the prime factors of q?
2, 7, 11
Suppose -12655 = -15*a + 4730. Suppose -10*h - 239 = -a. List the prime factors of h.
2, 23
Suppose 71986 + 104094 = 71*s. List the prime factors of s.
2, 5, 31
Let q = -2 - -2. Suppose q = -4*r - 0*r + 56. Suppose -3*p + r = 4*g, 2 = -p + 5*p - 3*g. What are the prime factors of p?
2
Let u be 114/4 + (-4)/8. Let d = 26 - 21. Suppose u = x - d. List the prime factors of x.
3, 11
Suppose -3*x - 2*x - 4*l = -1605, 25 = 5*l. Suppose 5*h + 2*c - 224 - 313 = 0, 4*c = 3*h - x. What are the prime factors of h?
107
Suppose 0 = -16*k + 21*k - 580. Let v = k + -24. List the prime factors of v.
2, 23
Let a(p) = -p**3 + 4*p**2 + 3*p - 7. Let m be a(6). Let b = 92 + m. Suppose -t - t - h + b = 0, -4*t + 82 = -2*h. List the prime factors of t.
2, 3
Let w(u) be the third derivative of 35*u**4/6 + u**3/3 - 26*u**2. What are the prime factors of w(1)?
2, 71
Let n = -79 - -85. Let c be (-7)/((-9)/(-4) - 2). Let h = n - c. List the prime factors of h.
2, 17
Suppose 0 = 2*f - 2*n - 2018, -5*n - 763 = -2*f + 1249. What are the prime factors of f?
3, 337
Suppose j + 5*o = 219, -3*j - o + 548 = -109. What are the prime factors of j?
3, 73
Let k = 1410 + -1092. What are the prime factors of k?
2, 3, 53
Let w = 226 - 52. Suppose 0 = 2*a + 3*k - 182, w = a + a + 5*k. What are the prime factors of a?
97
Suppose 2*v = -0*v + 3*k + 